 Is p prime?
False
Let j(v) = 19*v**2 + v. Let a be j(-1). Let p be (a - (3 - 3))/(-1). Is 14/63 - 2552/p a prime number?
False
Suppose -2*p + 16148 = 3210. Is p a prime number?
True
Suppose 4*w + 361 = -43. Let p = 540 - w. Is p prime?
True
Suppose -4*t = 5*n - 7325, -3*n = 4*t - 2279 - 2116. Is n prime?
False
Let i = 60629 + -37024. Is i composite?
True
Suppose 5*v = -3*a + 16709, 10*v - a - 16717 = 5*v. Is v a prime number?
True
Let p be (-4817)/(-3 + 2) + 6/2. Let j = -2241 + p. Is j composite?
False
Let z be 6*(-5)/((-15)/2). Let i(n) = -24*n**2 - 2*n + 2. Let o be i(z). Let r = 567 + o. Is r prime?
False
Let k(a) = 819*a**2 - a - 3. Is k(1) a composite number?
True
Let x(u) be the second derivative of -u**4/12 + 25*u**3/6 + u**2/2 + 2*u. Is x(11) a prime number?
False
Let w = -6571 - -24738. Is w composite?
True
Let b(p) = 11*p**2 - 14*p + 12. Let h be b(15). Suppose -9*g = -0*g - h. Is g a prime number?
False
Let d = 11905 + -7344. Is d composite?
False
Let o = 1 + 3. Suppose 0 = o*v - 16 + 4. Suppose -v*c + 288 = 21. Is c prime?
True
Let y(s) = 3*s**3 - 5*s**2 + 4*s + 11. Let w be y(8). Suppose 5*g = 3*d - w, -3*d - 846 = -5*d + 5*g. Is d a prime number?
False
Let d be 10729/17 - 4/34. Let i = 894 - d. Is i a composite number?
False
Let v(k) = -34*k**3 + 11*k**2 + 6*k + 12. Is v(-5) a composite number?
False
Let y(t) = 231*t**2 + 14*t - 8. Let r(s) = 4*s + 13. Let b be r(-5). Is y(b) prime?
True
Let y = 2 - -10. Let u be y + (-1)/(-1) - 1. Is u/(-8)*(-262)/3 a composite number?
False
Let p(b) = -3*b**3 - b**2 - 6*b - 11. Suppose 7*k + 25 = -38. Is p(k) a prime number?
False
Suppose -7*m - 22 = -29. Is (m + (-10946)/6)/((-52)/78) a composite number?
True
Let a = 5929 - 1360. Is a composite?
True
Let a(c) = 2*c - 8. Let z be a(6). Let t(i) = 193*i**2 - 5*i - 1. Let f be t(z). Suppose n + b = -3*n + f, b = 5*n - 3836. Is n composite?
True
Suppose 11*c - 4782 = -1119. Let k = 691 - c. Is k prime?
False
Let p(l) = -l**3 + 7*l**2 + 8*l + 9. Let z be p(8). Suppose 13*d - 1756 = z*d. Is d prime?
True
Suppose -40*f - 55 = -35*f. Is f/(77/(-42994)) + (-3)/(-1) prime?
False
Let c(g) = -g**3 - 6*g**2 - g - 6. Let j be c(-6). Suppose 0*m + 1737 = h + 2*m, 3*h + 2*m - 5223 = j. Suppose 0*q + h = 3*q. Is q a prime number?
False
Let w = 77 - 61. Is 12/(-48) + 18*362/w composite?
True
Is 398376/60 + -3 + 24/10 a prime number?
False
Let n = -28 + 9. Suppose -4*f = -4*r - f + 244, 3*f = -4*r + 220. Let o = r + n. Is o composite?
True
Suppose 11*v = 4*v + 22337. Is v a composite number?
False
Let m(f) = 144*f**2 + 41. Is m(5) a composite number?
True
Let u be (-2 - (1 + -3)) + 4. Suppose u*h - 4*o + 2*o = 166, 3*h - 114 = 5*o. Is h prime?
True
Is (-41123)/(-2) + (5 - (-7)/(-2)) a composite number?
False
Is 9862 - 7/(-21)*9 a composite number?
True
Suppose -w - 79*w + 956560 = 0. Is w a prime number?
False
Suppose -5*y - 25 = -0*y, -q - 4*y + 426 = 0. Suppose -6*i = -4*i - q. Is i composite?
False
Let g = 27681 - 17203. Let p = g - 6195. Is p a composite number?
False
Let t = -128 - -77. Is ((-40)/(-12) + -4)*t a composite number?
True
Suppose v + i = 1, 0*i + 1 = 3*v + i. Suppose v = -4*k + 2 + 10. Suppose 480 = 3*f + 3*o - 0*o, 2*f - k*o = 335. Is f prime?
True
Let z(i) = i**3 + 2*i**2 - 7*i + 61. Is z(6) composite?
False
Let k = 2 - 3. Let h be -20*(k - (-12)/8). Is (-6)/(-15) - 946/h a prime number?
False
Let m be (-17)/(-4) + (-10)/40. Suppose 3*g = -m*s + 2*g + 873, -1105 = -5*s - 4*g. Is s prime?
False
Let a be (2 - (-12)/(-8))*0 - -5. Suppose 3*m = -6*l + l + 3468, -15 = -a*l. Is m a composite number?
False
Let o = 2271 + -3212. Let p = 1555 + o. Suppose 0*c - p = -2*c. Is c a composite number?
False
Let a(h) be the second derivative of -h**4/12 - 17*h**3/6 + h**2 - 21*h. Suppose -11 - 5 = 2*f. Is a(f) composite?
True
Let t be 1 + 3 + 6*3/18. Suppose t*f - 2150 = -595. Is f prime?
True
Suppose -20*z = -195093 + 21273. Is z prime?
False
Suppose -4*l = -8*l + 8. Suppose 239 - 2565 = -l*w. Is w a composite number?
False
Is (-90234)/(-14) - 30/105 composite?
True
Let n = -492 + 26. Let c = 1029 + n. Suppose -8 = z - 5*f - 126, -c = -5*z - 2*f. Is z a prime number?
True
Suppose 33439 = -3*c + 142966. Is c prime?
False
Let c(y) = y - 7. Let n be c(6). Let v be n + 2 + -2 + 4. Is 3*((-106)/(-3) - v) a prime number?
True
Is (-12 - -28) + -23 + 1*7628 a composite number?
False
Suppose -5*n + 2*q - 184 = 0, -12 = n - 4*q + 14. Let r = n - -227. Let z = r - 94. Is z a prime number?
False
Let h(l) = -l**3 + 3*l**2 + 13*l - 11. Let q be h(5). Suppose 0 = 3*t + 2*w + 3*w - 985, 0 = q*t - w - 1344. Is t a prime number?
False
Suppose -2225 = -2*r + 373. Let a = -640 + r. Is a composite?
False
Let w = 18660 + 1793. Is w a composite number?
True
Suppose 2*p - 2 = 6. Suppose 4*f = -p + 12. Suppose -474 = f*a - 8*a. Is a a composite number?
False
Let l = 444 + -721. Let t = 160 - l. Is t a prime number?
False
Suppose -2 + 5 = a. Let p(i) = 19*i + 1. Is p(a) composite?
True
Suppose -141254 - 107658 = -16*g. Is g composite?
True
Let t be 3 - (-1)/(-1) - 7. Let b(j) = j**3 + 2*j**2 + j + 2. Let l be b(t). Is (-1079)/l - 2/(-12) a prime number?
False
Let z = -11132 - -18963. Is z composite?
True
Let j(g) = 3*g**3 + 9*g**2 - 15*g - 5. Let h be j(-8). Is h/(-4) + 1/(-4) composite?
False
Suppose -2527 = -5*r + 7653. Let z = r - 1057. Is z a composite number?
True
Suppose -2*c = -4*o - 6808 - 3278, -4*c + 2*o = -20160. Is c prime?
True
Suppose 2*p - 60 = 3*m - 15, 3*p + 3*m = 30. Let l = 149 + p. Let g = -37 + l. Is g a prime number?
True
Let t(i) be the second derivative of 551*i**4/12 - i**2/2 - 38*i. Is t(-2) composite?
False
Is (38/(-4)*2)/((-2)/202) prime?
False
Suppose -z = 96 - 9. Let o = z - -358. Is o composite?
False
Suppose -2*y - 1587 = n - 2*n, 4*n = -3*y + 6381. Suppose -n = -z - q, -q + 828 - 7220 = -4*z. Is z composite?
False
Is 744/(-96)*(-3)/((-6)/(-1384)) composite?
True
Let l = -10 + 15. Let m(n) = 2*n**2 + 4*n**2 + 3 + n - l*n**2. Is m(-8) prime?
True
Is 42647 + 10 + -2 + -8 composite?
True
Let v(j) = j**2 - 8*j + 15. Let b be v(5). Is b + 716 + 2 + -1 a composite number?
True
Let u(m) = m**2 + 11*m - 193. Is u(-31) a composite number?
True
Let c(u) = 154*u**2 + 4*u + 5. Let q(d) = -2 + 0*d + 4 + 4 + 154*d**2 + 5*d. Let y(f) = 5*c(f) - 4*q(f). Is y(-1) prime?
False
Let s(y) = -y - 11. Let h be s(-14). Let x(a) = a**2 - 2*a + 3. Let c be x(h). Suppose 0 = -c*d + 605 - 95. Is d prime?
False
Let z(u) = 54*u**3 + 10*u**2 + u - 6. Let v be z(5). Suppose 0*i = 3*i - v. Is i a composite number?
False
Let y(a) be the second derivative of a**5/20 + 5*a**4/6 + 3*a**3/2 + 5*a**2/2 - 11*a. Let r be y(-9). Let f(w) = 5*w**2 - 2*w + 3. Is f(r) composite?
True
Let k be ((-1461)/9 - -3)*3. Let q = 1092 + k. Let d = q - 403. Is d prime?
True
Suppose -5*r - 3815 - 10819 = -2*z, 0 = 2*r - 8. Is z a prime number?
False
Let f(v) be the second derivative of v**5/6 + 3*v**4/8 + v**3/6 + 11*v. Let t(b) be the second derivative of f(b). Is t(4) prime?
True
Let f(n) = n**2 - n - 55. Let x be f(-10). Let l = x - 0. Is l a composite number?
True
Suppose -4*c + 7370 = c. Suppose -2*l = -4*t - 586, -t - c = -9*l + 4*l. Is l prime?
False
Suppose -2*h + 8938 = 4*y, 3*h + 0*h = -15. Is y a prime number?
True
Let v be (-19)/(-2) + (-7)/14. Let c = -11 + v. Is (292/(-16))/(c/40) a prime number?
False
Let j(o) = o**3 - 14*o**2 + 13*o + 5. Let p be j(13). Suppose -p*c = -0*c + 115. Let y = c + 74. Is y composite?
True
Suppose 134110 = 591*a - 581*a. Is a a composite number?
False
Let d = 144 + -102. Is (d + -5)/(5/35) composite?
True
Let s = 0 + -4. Is (s + 415)*(-8)/(-12) a prime number?
False
Let g be (8 - 3) + (620 - -1). Suppose -3*o + 245 = 2*a, -2*a = 3*a + 3*o - g. Is a a prime number?
True
Let b(f) = -3*f**3 + 122*f**2 + 47*f - 31. Is b(27) a composite number?
True
Suppose -1650 = -4*h + 1426. Suppose -h = -11*g + 4632. Is g prime?
True
Suppose 6*i = 7*i - 3. Let b be (-6)/9*-1*i. Suppose 300 = 2*p + 2*k - 3*k, b*p - 5*k = 308. Is p a prime number?
True
Let w = -16 + 23. Suppose l + 498 = w*l. Is l composite?
False
Suppose -10*y = -2657 + 7. Is y prime?
False
Suppose 3*g - 4*z - 58145 = 0, 0 = 3*g + 74*z - 73*z - 58165. Is g prime?
True
Let w(q) = 8324*q**2 + 13*q + 40. Is w(-3)